39*k - 80. Calculate the remainder when 125 is divided by k.
5
Let o(w) = -4*w**3 + 6*w**2 + w - 6. Let b(i) = -i**2 - i + 1. Let c(t) = 2*b(t) + o(t). Calculate the remainder when c(-3) is divided by 29.
27
Let g(n) = 3*n**2 - 14*n + 10. Calculate the remainder when 59 is divided by g(5).
14
Let s = 597 - 568. What is the remainder when 94 is divided by s?
7
Let q(u) = 2*u + 26. Let x(o) = -1. Let y(i) = q(i) + 2*x(i). Let j be 0/(-1)*9/(-18). What is the remainder when 93 is divided by y(j)?
21
Let d(v) = -v**3 - 20*v**2 - 19*v + 17. Let i(b) = 4*b**3 + 79*b**2 + 75*b - 68. Let k(u) = 9*d(u) + 2*i(u). What is the remainder when 65 is divided by k(-21)?
14
Let t = -1 + 5. Let s(z) = 2 + 3*z**2 - 7 - 2*z**2 - t*z + 0*z. What is the remainder when s(6) is divided by 4?
3
Suppose -570 = -15*h + 5*h. Suppose 49 + h = 2*z. Suppose -u + 5 = -3*w - 1, 8 = 2*w. Calculate the remainder when z is divided by u.
17
Let o(i) be the first derivative of 71*i**2/2 - i + 29. Suppose 2*m + 2*m - 4 = 0. What is the remainder when o(m) is divided by 18?
16
Suppose -2*u + 3*u - 70 = -2*k, 2*u = -5*k + 174. Let t(o) = o**3 + 20*o**2 - 37*o - 2. Calculate the remainder when k is divided by t(2).
10
Let o = 26 - -28. Calculate the remainder when 159 is divided by o.
51
Suppose -2*k = -b - 16, 4*k = -k - 5*b + 25. What is the remainder when 53 is divided by 18 - ((-15)/5 + k)?
11
Let a(j) = -j + 13. Let v be a(6). Suppose 2*r + 66 = q + v*r, 5*r - 188 = -3*q. Calculate the remainder when q is divided by 21.
19
Suppose -2*s + 2 = 4*j - 0*s, 0 = 3*j - 5*s - 34. Suppose j*r - 35 = -2. Calculate the remainder when r is divided by 7.
4
Let a(v) = -v**3 - 6*v**2 - v + 1. Calculate the remainder when 171/(-684) + (-2)/((-16)/202) is divided by a(-6).
4
Let t be 20/(-30) - (-8)/3. Let l(a) = -6 + 2 + a**t - 9*a + a - 8. Calculate the remainder when 141 is divided by l(12).
33
Let s = 8 + -5. Suppose a + 30 = s*a. Let h(j) = j**3 - 2*j**2 + 2*j - 5. Calculate the remainder when a is divided by h(3).
5
Let y = 54 - 22. Suppose 0*v - 4*v = -y. Calculate the remainder when 1/(5/140*2) is divided by v.
6
Let r(g) = g**3 - 14*g**2 + 6*g - 56. What is the remainder when 110 is divided by r(14)?
26
Suppose 2*m - 6*v = -3*v + 23, 2*m - v - 25 = 0. What is the remainder when 111 is divided by m?
7
Let q(p) = -p**2 - 3*p + 3. Let f(g) = -g + 12. Let r be f(16). Let m be q(r). Calculate the remainder when 82 is divided by (m - -17) + (-3)/(-3).
14
Let m(l) = l**2 + 13*l + 2. Suppose -9*o = -6*o + 39. Let q be m(o). What is the remainder when 27 is divided by 1 + 5 - (0 - q)?
3
Let t(q) = -q**3 - 11*q**2 - 22*q + 64. What is the remainder when 60 is divided by t(-8)?
12
Suppose 0 = -24*a - 5*a + 957. What is the remainder when 119 is divided by a?
20
Let u be (-4)/(-22) - (-320)/55. Let y = 3 + u. Calculate the remainder when 25 is divided by y.
7
Suppose 0 = 2*b - i - 188, 0 = -5*b + 2*b + 10*i + 299. Calculate the remainder when 174 is divided by b.
81
Suppose 3*q = 5*a - 28 - 24, 2*a - 32 = 4*q. Suppose 12 = 2*w - y, 2*w + y + 0*y - a = 0. Calculate the remainder when 22 is divided by w.
2
Let z(v) = -v**3 + 5*v**2 + 4. Let g(a) = -a + 7. Let c be g(3). Let d be z(c). Let y = -14 + d. Calculate the remainder when 9 is divided by y.
3
Suppose -5*q + 3*i + 9 = 0, -2*q + 10*i + 15 = 5*i. Suppose -4*z - 4*a + 36 = -0*a, 3*z + a - 35 = q. Calculate the remainder when 21 is divided by z.
8
Let c = -87 - -100. What is the remainder when 22 is divided by c?
9
Calculate the remainder when 390 is divided by -6*(-18)/(-48)*-44.
93
Let m(f) = f**3 + 43*f**2 - 139*f + 24. What is the remainder when 189 is divided by m(-46)?
49
Let l(k) = -k**2 + k + 4. Let c be l(2). Suppose 575 = 7*f - c*f. What is the remainder when f is divided by 29?
28
Suppose 0 = -4*n + 4*l + 48, -10 = -n + 6*l - 3*l. Suppose 0 = 3*c - 64 - 41. What is the remainder when c is divided by n?
9
Let v(w) = w**2 - 13*w + 9. Let i be v(13). Let a be 20/(-3)*i/(-6). Let b = a + 6. What is the remainder when b is divided by 6?
4
Suppose 0 = 3*t - x - 150, -5*t + 3*x + 249 = 3. What is the remainder when t is divided by 32?
19
Let j(u) = -34*u**3 + 11*u**2 + 2*u - 4. Let i(c) = 17*c**3 - 5*c**2 - c + 2. Let b(g) = 13*i(g) + 6*j(g). Calculate the remainder when 56 is divided by b(1).
18
Let g(l) = -49*l**3 + 2*l**2 + l. Suppose -o + 26 = o. What is the remainder when g(-1) is divided by o?
11
What is the remainder when 428 is divided by 81 + 2 + 5/(25/15)?
84
Suppose 3*s + 5*j - 834 = 0, 4*j - 2*j - 1126 = -4*s. Calculate the remainder when s is divided by 57.
55
Let k(p) = -3*p**3 - 63*p**2 + 61*p + 3. Calculate the remainder when k(-22) is divided by 37.
2
Suppose 0 = -2*c + 33 + 1. Let n = 166 + -117. What is the remainder when n is divided by c?
15
Let x(h) = -3*h + 53. Calculate the remainder when 60 is divided by x(9).
8
Let v(q) = -q**3 - q**2 + q + 19. Suppose -3*o + 157 = 4*t, 222 = 5*o - o - t. What is the remainder when o is divided by v(0)?
17
Calculate the remainder when 5 + -7 - ((-15)/(-5) - 178) is divided by 12.
5
Suppose 39 = 2*g + z - 28, -101 = -3*g - 2*z. Suppose -4*i + 7*i - 18 = 0. What is the remainder when g is divided by i?
3
Suppose 9*w = 4*w + 165. Let x(t) = -t**2 + 3*t + 570. What is the remainder when w is divided by x(-22)?
13
Let q(j) = 4*j**2 - j - 4. Let g be q(-2). Suppose 0 = -w - 4, -2*y - 3*w + g = -y. Let d = 14 - 5. Calculate the remainder when y is divided by d.
8
Suppose 0 = -5*g - 4*w + 488, 4*g + 210*w - 391 = 207*w. What is the remainder when g is divided by 17?
15
Let n = 5631 - 5606. Suppose l = 4*i - 0*i + 111, -l + 76 = 3*i. What is the remainder when l is divided by n?
16
Let x = 20 - 74. Let n be (-1 - 65)*9/6. Let y = x - n. What is the remainder when y is divided by 23?
22
Let k be (0 + 3 + -4)*0. Let u = 1 + k. Suppose a = 5*t + u + 21, -4 = -a - 4*t. Calculate the remainder when 22 is divided by a.
10
Calculate the remainder when 1189 is divided by 6/20 + (-8675)/(-250).
34
Let i(a) = -4*a + 53. Calculate the remainder when 19 is divided by i(10).
6
Suppose -147 + 112 = -5*y. Let h = 25 + -9. Calculate the remainder when h is divided by y.
2
Let j(s) = -s**3 - s - 2. Let k be j(2). Calculate the remainder when 3 is divided by (-3)/k*(8 - 4).
0
Let b = -53 - -55. Suppose -b*j - 5*o = -55, -3*j + 5*o + 50 = 2*j. Calculate the remainder when 71 is divided by j.
11
Let g be 1 - 5 - (-14 + 2). Let s be 66/14 + g/28. Suppose 4*k + 8 = -3*u + 42, -s*k = -20. What is the remainder when 17 is divided by u?
5
Suppose c = l - 12, 5*c - 2*c = -2*l + 19. Calculate the remainder when ((-3)/3 - 4)*-8 is divided by l.
7
Let q be 3/5 - 318/5. What is the remainder when 37 is divided by q/(-3) + (-2)/2?
17
Suppose 15*p + 2785 = 20*p. Suppose -3*i - 2*t = -p, 4*t + 52 = -3*i + 605. Calculate the remainder when i is divided by 38.
35
Let q = -147 + 197. Calculate the remainder when q is divided by 20.
10
Suppose 6*f = 167 + 37. Calculate the remainder when 53 is divided by f.
19
Suppose 2*t + t + f - 288 = 0, -2*t - 3*f + 192 = 0. Let p(n) = -45*n - 295. Calculate the remainder when t is divided by p(-7).
16
Let w be 2/10 - (-42)/(-10). Let l(f) = 1. Let p(m) = 8*m + 11. Let o(n) = 4*l(n) - p(n). What is the remainder when 98 is divided by o(w)?
23
Suppose 193 - 49 = 3*d. Calculate the remainder when d is divided by 17.
14
Suppose -2*n = -h - n + 4, h - 20 = 5*n. Suppose h = 4*l + 18 - 58. Calculate the remainder when l is divided by 4.
2
Let r(x) = -25*x + 9. Let m be r(-2). Suppose 267 = 4*f + m. What is the remainder when f is divided by 21?
10
Suppose -51*x + 33*x = -3042. Calculate the remainder when x is divided by 64.
41
Let s(f) = 2*f + 30. Suppose -23 = 4*n + 13. What is the remainder when 57 is divided by s(n)?
9
Let o(t) = -t**2 + 12*t - 1. Let y be (37/4)/(1/(-4)). Let b = 52 + y. Calculate the remainder when o(9) is divided by b.
11
Suppose 1 = 2*p - 1. Let v = 4 - p. Calculate the remainder when 25/(750/260) - (-3)/9 is divided by v.
0
Let t = 961 - 541. Suppose -t = -0*g - 6*g. Calculate the remainder when g is divided by 24.
22
Let h be -1 + (-5 - -2) - 0. Let w be h/(9/6 - 1). Let u = 35 + w. Calculate the remainder when u is divided by 6.
3
Suppose 0 = -0*s + 3*s + 18. What is